0526030?
1
What is the tens digit of 419984?
8
What is the hundreds digit of 46894?
8
What is the millions digit of 20377460?
0
What is the thousands digit of 141174?
1
What is the hundreds digit of 5919520?
5
What is the units digit of 397114?
4
What is the units digit of 15550642?
2
What is the thousands digit of 2417633?
7
What is the thousands digit of 886817?
6
What is the thousands digit of 430462?
0
What is the hundred thousands digit of 408965?
4
What is the hundreds digit of 439409?
4
What is the hundred thousands digit of 381541?
3
What is the thousands digit of 164884?
4
What is the hundred thousands digit of 248938?
2
What is the hundred thousands digit of 2879703?
8
What is the hundreds digit of 8881306?
3
What is the hundreds digit of 90265?
2
What is the hundreds digit of 133516?
5
What is the thousands digit of 6186982?
6
What is the hundreds digit of 8008819?
8
What is the ten thousands digit of 29216064?
1
What is the millions digit of 7050685?
7
What is the ten thousands digit of 522706?
2
What is the hundred thousands digit of 1009141?
0
What is the hundreds digit of 309432?
4
What is the tens digit of 21247045?
4
What is the hundreds digit of 2490678?
6
What is the thousands digit of 13877575?
7
What is the hundred thousands digit of 5768866?
7
What is the thousands digit of 2066493?
6
What is the hundreds digit of 993718?
7
What is the hundred thousands digit of 360486?
3
What is the ten thousands digit of 1209364?
0
What is the tens digit of 895708?
0
What is the units digit of 427821?
1
What is the units digit of 5877954?
4
What is the ten millions digit of 11127469?
1
What is the tens digit of 84209?
0
What is the thousands digit of 7943379?
3
What is the hundred thousands digit of 461878?
4
What is the thousands digit of 1273021?
3
What is the hundred thousands digit of 3208987?
2
What is the hundred thousands digit of 719586?
7
What is the units digit of 447423?
3
What is the thousands digit of 4204265?
4
What is the hundred thousands digit of 684420?
6
What is the tens digit of 161400?
0
What is the units digit of 245468?
8
What is the tens digit of 279344?
4
What is the millions digit of 1718048?
1
What is the hundreds digit of 989940?
9
What is the thousands digit of 663600?
3
What is the ten millions digit of 11615160?
1
What is the units digit of 136480?
0
What is the ten thousands digit of 149092?
4
What is the ten thousands digit of 762189?
6
What is the thousands digit of 18259156?
9
What is the thousands digit of 1090083?
0
What is the millions digit of 13367415?
3
What is the tens digit of 3961827?
2
What is the hundred thousands digit of 1018464?
0
What is the thousands digit of 4034149?
4
What is the thousands digit of 6945000?
5
What is the hundreds digit of 934826?
8
What is the millions digit of 10199290?
0
What is the tens digit of 275032?
3
What is the tens digit of 83338?
3
What is the tens digit of 1529551?
5
What is the millions digit of 1344620?
1
What is the ten thousands digit of 30941?
3
What is the thousands digit of 6272?
6
What is the ten thousands digit of 695691?
9
What is the ten thousands digit of 365336?
6
What is the tens digit of 253468?
6
What is the thousands digit of 13282902?
2
What is the ten thousands digit of 174289?
7
What is the units digit of 106197?
7
What is the thousands digit of 10319?
0
What is the units digit of 3521714?
4
What is the hundreds digit of 25117945?
9
What is the ten thousands digit of 9500153?
0
What is the tens digit of 602729?
2
What is the ten millions digit of 15604427?
1
What is the hundred thousands digit of 836030?
8
What is the hundreds digit of 181742?
7
What is the thousands digit of 7398292?
8
What is the units digit of 488508?
8
What is the hundred thousands digit of 104720?
1
What is the tens digit of 11015064?
6
What is the hundreds digit of 5283692?
6
What is the ten thousands digit of 82359?
8
What is the hundred thousands digit of 545823?
5
What is the millions digit of 1005611?
1
What is the units digit of 256991?
1
What is the tens digit of 673430?
3
What is the ten thousands digit of 436682?
3
What is the hundred thousands digit of 831406?
8
What is the ten thousands digit of 13131526?
3
What is the ten thousands digit of 3861069?
6
What is the tens digit of 117088?
8
What is the ten thousands digit of 160563?
6
What is the units digit of 10847?
7
What is the hundreds digit of 2477236?
2
What is the tens digit of 5448180?
8
What is the ten thousands digit of 542314?
4
What is the hundred thousands digit of 29558059?
5
What is the units digit of 2293039?
9
What is the hundred thousands digit of 639869?
6
What is the tens digit of 3857546?
4
What is the ten thousands digit of 599738?
9
What is the hundreds digit of 239137?
1
What is the ten thousands digit of 3593295?
9
What is the ten thousands digit of 575319?
7
What is the hundreds digit of 2171641?
6
What is the tens digit of 7518446?
4
What is the hundred thousands digit of 1449151?
4
What is the ten thousands digit of 11052570?
5
What is the tens digit of 13828667?
6
What is the tens digit of 1033516?
1
What is the thousands digit of 21476?
1
What is the millions digit of 9199014?
9
What is the hundreds digit of 11942?
9
What is the units digit of 818302?
2
What is the thousands digit of 3309382?
9
What is the millions digit of 3321240?
3
What is the units digit of 1063477?
7
What is the thousands digit of 10871?
0
What is the ten thousands digit of 2148075?
4
What is the ten thousands digit of 364672?
6
What is the hundreds digit of 181115?
1
What is the hundred thousands digit of 361472?
3
What is the thousands digit of 6808387?
8
What is the units digit of 3530903?
3
What is the units digit of 4572?
2
What is the hundreds digit of 38316345?
3
What is the millions digit of 12453441?
2
What is the units digit of 1673598?
8
What is the tens digit of 834830?
3
What is the millions digit of 5122956?
5
What is the tens digit of 2097325?
2
What is the ten thousands digit of 53156?
5
What is the ten thousands digit of 1262910?
6
What is the hundred thousands digit of 726067?
7
What is the ten thousands digit of 1856343?
5
What is the hundred thousands digit of 298128?
2
What is the millions digit of 10730619?
0
What is the tens digit of 209633?
3
What is the tens digit of 24359262?
6
What is the hundreds digit of 2036799?
7
What is the hundreds digit of 208166?
1
What is the ten thousands digit of 131174?
3
What is the thousands digit of 393242?
3
What is the units digit of 358099?
9
What is the ten millions digit of 19775606?
1
What is the hundreds digit of 1190164?
1
What is the millions digit of 5244847?
5
What is the tens digit of 785991?
9
What is the ten millions digit of 12996368?
1
What is the hundreds digit of 868745?
7
What is the thousands digit of 846030?
6
What is the thousands digit of 1223024?
3
What is the thousands digit of 6649798?
9
What is the ten thousands digit of 483712?
8
What is the hundreds digit of 5356333?
3
What is the hundreds digit of 217876?
8
What is the hundred thousands digit of 216842?
2
What is the tens digit of 138493?
9
What is the ten thousands digit of 3210231?
1
What is the tens digit of 22062?
6
What is the thousands digit of 625173?
5
What is the ten thousands digit of 35547634?
4
What is the hundred thousands digit of 199917?
1
What is the millions digit of 21924738?
1
What is the tens digit of 870182?
8
What is the hundred thousands digit of 278248?
2
What is the hundreds digit of 24029?
0
What is the units digit of 6157227?
7
What is the ten thousands digit of 6212998?
1
What is the thousands digit of 224289?
4
What is the hundreds digit of 128026?
0
What is the thousands digit of 1704122?
4
What is the ten thousands digit of 557086?
5
What is the hundreds digit of 632274?
2
What is the units digit of 251244?
4
What is the ten thousands digit of 5180127?
8
What is the tens digit of 11345146?
4
What is the hundreds digit of 111322?
3
What is the tens digit of 3022015?
1
What is the ten thousands digit of 25672911?
7
What is the hundred thousands digit of 206894?
2
What is the tens digit of 18998856?
5
What is the thousands digit of 523603?
3
What is the ten thousands digit of 252308?
5
What is the units digit of 199279?
9
What is the t